{"id":940,"date":"2019-02-01T02:00:24","date_gmt":"2019-02-01T02:00:24","guid":{"rendered":"https:\/\/ninetheme.com\/themes\/agro\/?page_id=2"},"modified":"2023-08-25T15:16:57","modified_gmt":"2023-08-25T18:16:57","slug":"inicio","status":"publish","type":"page","link":"https:\/\/www.grancafe.com.br\/","title":{"rendered":"Inicio"},"content":{"rendered":"<div class=\"vc_row wpb_row vc_row-fluid\"><div class=\"nt-column col-sm-12\"><div class=\"nt-shortcode-wrapper \">\n\t<div class=\"wpb_text_column wpb_content_element \" >\n\t\t<div class=\"wpb_wrapper\">\n\t\t\t<p><!--vcv no format--><!-- vcwb\/dynamicElementComment:8d5d8a6b --><\/p>\n<div class=\"vce-row-container\" data-vce-boxed-width=\"true\">\n<div id=\"el-8d5d8a6b\" class=\"vce-row vce-row--col-gap-30 vce-row-equal-height vce-row-content--top\" data-vce-do-apply=\"all el-8d5d8a6b\">\n<div class=\"vce-row-content\" data-vce-element-content=\"true\"><!-- vcwb\/dynamicElementComment:f4e0b800 --><\/p>\n<div id=\"el-f4e0b800\" class=\"vce-col vce-col--md-auto vce-col--xs-1 vce-col--xs-last vce-col--xs-first vce-col--sm-last vce-col--sm-first vce-col--md-last vce-col--lg-last vce-col--xl-last vce-col--md-first vce-col--lg-first vce-col--xl-first\">\n<div class=\"vce-col-inner\" data-vce-do-apply=\"border margin background el-f4e0b800\">\n<div class=\"vce-col-content\" data-vce-element-content=\"true\" data-vce-do-apply=\"padding el-f4e0b800\"><!-- vcwb\/dynamicElementComment:78b746da --><\/p>\n<div class=\"vce-text-block\">\n<div id=\"el-78b746da\" class=\"vce-text-block-wrapper vce\" data-vce-do-apply=\"all el-78b746da\">\n\n\t\t<\/div>\n\t<\/div>\n<\/div><\/div><\/div><div class=\"vc_row wpb_row vc_row-fluid\"><div class=\"nt-column col-sm-12\"><div class=\"nt-shortcode-wrapper \"><div id=\"start-screen\" class=\"start-screen start-screen--style-1 item_69d9ea134af62\" data-scroll-discover=\"true\" data-res-css=\".vegas-timer-progress {background-color: #641c1d !important; } #start-screen #vegas-slider .vegas-dots a {border-color: #ffffff; } #start-screen #vegas-slider .vegas-dots a.active {background-color: #ffffff;border-color: #ffffff; } .start-screen[data-scroll-discover=true] .scroll-discover:after, .start-screen[data-scroll-discover=true] .scroll-discover:before {background-color: #ffffff !important; }\"><div id=\"start-screen__bg\" class=\"start-screen__bg\"><div id=\"vegas-slider\" data-autoplay=\"true\" data-timer=\"false\" data-dots=\"true\" data-duration=\"4000\" data-delay=\"5000\" data-transition=\"['fade', 'zoomOut', 'blur', 'swirlLeft', 'swirlRight']\" data-overlayimg=\"https:\/\/www.grancafe.com.br\/wp-content\/themes\/agro\/images\/overlays\/01.png\"><div class=\"vegas-control\"><span id=\"vegas-control__prev\" class=\"vegas-control__btn\">Prev<\/span><span id=\"vegas-control__next\" class=\"vegas-control__btn\">Next<\/span><\/div><\/div><\/div><div id=\"start-screen__content-container\" class=\"start-screen__content-container text-white\"><div class=\"start-screen__content__item start-screen__content__item--2 align-items-center item_69d9ea134b033\" data-img-src=\"https:\/\/www.grancafe.com.br\/wp-content\/uploads\/2023\/02\/banner_empresa-freshblue.jpg\" data-video=\"false\" data-res-css=\"       .start-screen__content__item.start-screen__content__item--2.item_69d9ea134b033 .play-btn span:before {border-color:transparent transparent transparent #ffffff !important; }          \"><div class=\"container\"><div class=\"row align-items-center  text-left\"><div class=\"col-12 col-md col-lg-9 col-xl-6\"><div class=\"__name\">CONHE\u00c7A A<\/div><h2 class=\"__title text-white\">GRANCAF\u00c9 <br><span><\/span><\/h2><\/div><div class=\"col-12 my-3 d-md-none\"><\/div><div class=\"col-12 col-md-auto col-lg-3 col-xl-6 text-right\"><a class=\"play-btn\" data-fancybox=\"\" href=\"https:\/\/youtu.be\/uv4KNbuUMI8\"><span><\/span><\/a><\/div><\/div><\/div><\/div><\/div><span class=\"scroll-discover\"><\/span><\/div><\/div><\/div><\/div><div class=\"agro-section-wrapper section-left-title vc_custom_1627612131506\"><div class=\"container container-stretch\"><div class=\"row\"><div class=\"nt-column col-sm-12\"><div class=\"nt-shortcode-wrapper \"><div class=\"section-heading section-heading--center item_69d9ea134be72 vc_custom_1649696910158\" data-res-css=\"  .section-heading.section-heading--center.item_69d9ea134be72 .__title {font-size:70px;} .section-heading.item_69d9ea134be72 .__title {color: #641c1d; }  \"><h3 class=\"__title\">PRODUTOS <span><\/span><\/h3><\/div><\/div><\/div><\/div><\/div><\/div><div class=\"nt_clearfix\"><\/div><div class=\"agro-section-wrapper\"><div class=\"container container-stretch\"><div class=\"row\"><div class=\"nt-column col-sm-12\"><div class=\"nt-shortcode-wrapper \"><div class=\"section section--no-pt section--no-pb section--gutter section_69d9ea134c515\" data-res-css=\"  \"><div class=\"container-fluid px-md-0\"><div class=\"product-preview product-preview--style-2\"><div class=\"__inner\"><div class=\"row\"><div class=\"col-12 col-sm-12 col-lg-3\"><div class=\"__item\"><figure class=\"__image\"><img src=\"https:\/\/www.grancafe.com.br\/wp-content\/uploads\/2023\/05\/cafe2.webp\" alt=\"cafe2.webp\"><\/figure><div class=\"__content\"><h3 class=\"__title\">CAF\u00c9<\/h3><\/div><\/div><\/div><div class=\"col-12 col-sm-12 col-lg-3\"><div class=\"__item\"><figure class=\"__image\"><img src=\"https:\/\/www.grancafe.com.br\/wp-content\/uploads\/2023\/05\/pimenta3.jpg\" alt=\"pimenta3.jpg\"><\/figure><div class=\"__content\"><h3 class=\"__title\">PIMENTA<\/h3><\/div><\/div><\/div><div class=\"col-12 col-sm-12 col-lg-3\"><div class=\"__item\"><figure class=\"__image\"><img src=\"https:\/\/www.grancafe.com.br\/wp-content\/uploads\/2023\/01\/cacau.jpg\" alt=\"cacau.jpg\"><\/figure><div class=\"__content\"><h3 class=\"__title\">CACAU<\/h3><\/div><\/div><\/div><div class=\"col-12 col-sm-12 col-lg-3\"><div class=\"__item\"><figure class=\"__image\"><img src=\"https:\/\/www.grancafe.com.br\/wp-content\/uploads\/2023\/05\/cravo2.webp\" alt=\"cravo2.webp\"><\/figure><div class=\"__content\"><h3 class=\"__title\">CRAVO<\/h3><\/div><\/div><\/div><\/div><\/div><\/div><\/div><\/div><div class=\"vc_btn3-container vc_btn3-center vc_custom_1684187805757\" ><a class=\"vc_general vc_btn3 vc_btn3-size-md vc_btn3-shape-round vc_btn3-style-outline vc_btn3-icon-left vc_btn3-color-orange\" href=\"http:\/\/www.grancafe.com.br\/produtos\/\" title=\"Produtos\"><i class=\"vc_btn3-icon far fa-newspaper\"><\/i> Saiba Mais!<\/a><\/div><\/div><\/div><\/div><\/div><\/div><div class=\"nt_clearfix\"><\/div><div id=\"counter-section\" class=\"agro-section-wrapper vc_custom_1645634780821 nt-has-fill vc_row-o-equal-height content-middle content-flex\"><div class=\"container container-stretch\"><div class=\"row\"><div class=\"nt-column col-sm-4\"><div class=\"nt-shortcode-wrapper \"><div class=\"section section--gutter section--base-bg counter_69d9ea134e3d0 vc_custom_1645634429081\" data-res-css=\"   .section.counter_69d9ea134e3d0 .section-heading .__title {color: #ffffff; } .section.counter_69d9ea134e3d0 .section-heading .__title span{color: #ffffff; } .section.counter_69d9ea134e3d0 .section-heading p{color: #ffffff; } .section.counter_69d9ea134e3d0 .counter .__item .__count{color: #ffffff; } .section.counter_69d9ea134e3d0 .counter .__item .after-number{color: #ffffff; } .section.counter_69d9ea134e3d0 .counter .__item .__title{color: #ffffff; }\">\n                <div class=\"container\">\n                    <div class=\"counter\">\n                        <div class=\"__inner\">\n                            <div class=\"row justify-content-sm-center\"><div class=\"col-12    \"><div class=\"__item\"><div class=\"d-table\"><div class=\"d-table-cell align-middle\"><i class=\"__ico\"><img src=\"https:\/\/www.grancafe.com.br\/wp-content\/uploads\/2022\/01\/Experiencia.png\" class=\"img-fluid\" alt=\"Experiencia.png\"><\/i><\/div><div class=\"d-table-cell align-middle\"><p class=\"__count js-count has-after-number\" data-from=\"0\" data-to=\"40\">40<\/p> <span class=\"after-number\"> anos<\/span><p class=\"__title\">Experi\u00eancia de mercado<\/p><\/div><\/div><\/div><\/div><\/div>\n                    <\/div>\n                <\/div>\n            <\/div>\n        <\/div><\/div><\/div><div class=\"nt-column col-sm-4\"><div class=\"nt-shortcode-wrapper \"><div class=\"section section--gutter section--base-bg counter_69d9ea134ed5d vc_custom_1653914963761\" data-res-css=\"   .section.counter_69d9ea134ed5d .section-heading .__title {color: #ffffff; } .section.counter_69d9ea134ed5d .section-heading .__title span{color: #ffffff; } .section.counter_69d9ea134ed5d .section-heading p{color: #ffffff; } .section.counter_69d9ea134ed5d .counter .__item .__count{color: #ffffff; } .section.counter_69d9ea134ed5d .counter .__item .after-number{color: #ffffff; } .section.counter_69d9ea134ed5d .counter .__item .__title{color: #ffffff; }\">\n                <div class=\"container\">\n                    <div class=\"counter\">\n                        <div class=\"__inner\">\n                            <div class=\"row justify-content-sm-center\"><div class=\"col-12    \"><div class=\"__item\"><div class=\"d-table\"><div class=\"d-table-cell align-middle\"><i class=\"__ico\"><img src=\"https:\/\/www.grancafe.com.br\/wp-content\/uploads\/2022\/01\/Clientes.png\" class=\"img-fluid\" alt=\"Clientes.png\"><\/i><\/div><div class=\"d-table-cell align-middle\"><p class=\"__count js-count\" data-from=\"0\" data-to=\"5\">5<\/p><p class=\"__title\">Filiais<\/p><\/div><\/div><\/div><\/div><\/div>\n                    <\/div>\n                <\/div>\n            <\/div>\n        <\/div><\/div><\/div><div class=\"nt-column col-sm-4\"><div class=\"nt-shortcode-wrapper \"><div class=\"section section--gutter section--base-bg counter_69d9ea134f4ae vc_custom_1645634452403\" data-res-css=\"      .section.counter_69d9ea134f4ae .counter .__item .__count{color: #ffffff; } .section.counter_69d9ea134f4ae .counter .__item .after-number{color: #ffffff; } .section.counter_69d9ea134f4ae .counter .__item .__title{color: #ffffff; }\">\n                <div class=\"container\">\n                    <div class=\"counter\">\n                        <div class=\"__inner\">\n                            <div class=\"row justify-content-sm-center\"><div class=\"col-12    \"><div class=\"__item\"><div class=\"d-table\"><div class=\"d-table-cell align-middle\"><i class=\"__ico\"><img src=\"https:\/\/www.grancafe.com.br\/wp-content\/uploads\/2022\/01\/Paises.png\" class=\"img-fluid\" alt=\"Paises.png\"><\/i><\/div><div class=\"d-table-cell align-middle\"><p class=\"__count js-count\" data-from=\"0\" data-to=\"40\">40<\/p><p class=\"__title\">Pa\u00edses atendidos<\/p><\/div><\/div><\/div><\/div><\/div>\n                    <\/div>\n                <\/div>\n            <\/div>\n        <\/div><\/div><\/div><\/div><\/div><\/div><div class=\"nt_clearfix\"><\/div><div class=\"agro-section-wrapper product-cycle\"><div class=\"container container-stretch\"><div class=\"row\"><div class=\"nt-column col-sm-12\"><div class=\"nt-shortcode-wrapper \"><div class=\"section-heading section-heading--center item_69d9ea1350363 vc_custom_1627611723280\" data-res-css=\"  .section-heading.section-heading--center.item_69d9ea1350363 .__title {font-size:35px;} .section-heading.item_69d9ea1350363 .__title {color: #ceae90; }  \"><h3 class=\"__title\">PRODUTO SEGURO E CONFI\u00c1VEL <span><\/span><\/h3><\/div>\n\t<div id=\"gbpa-image\" class=\"wpb_single_image wpb_content_element vc_align_center\">\n\t\t\n\t\t<figure class=\"wpb_wrapper vc_figure\">\n\t\t\t<div class=\"vc_single_image-wrapper   vc_box_border_grey\"><img width=\"1500\" height=\"1194\" src=\"https:\/\/www.grancafe.com.br\/wp-content\/uploads\/2023\/05\/Novo-layout-GBPA-2_GBPA-PT-1.webp\" class=\"vc_single_image-img attachment-full\" alt=\"\" decoding=\"async\" loading=\"lazy\" srcset=\"https:\/\/www.grancafe.com.br\/wp-content\/uploads\/2023\/05\/Novo-layout-GBPA-2_GBPA-PT-1.webp 1500w, https:\/\/www.grancafe.com.br\/wp-content\/uploads\/2023\/05\/Novo-layout-GBPA-2_GBPA-PT-1-300x239.webp 300w, https:\/\/www.grancafe.com.br\/wp-content\/uploads\/2023\/05\/Novo-layout-GBPA-2_GBPA-PT-1-1024x815.webp 1024w, https:\/\/www.grancafe.com.br\/wp-content\/uploads\/2023\/05\/Novo-layout-GBPA-2_GBPA-PT-1-768x611.webp 768w, https:\/\/www.grancafe.com.br\/wp-content\/uploads\/2023\/05\/Novo-layout-GBPA-2_GBPA-PT-1-15x12.webp 15w, https:\/\/www.grancafe.com.br\/wp-content\/uploads\/2023\/05\/Novo-layout-GBPA-2_GBPA-PT-1-120x96.webp 120w, https:\/\/www.grancafe.com.br\/wp-content\/uploads\/2023\/05\/Novo-layout-GBPA-2_GBPA-PT-1-240x191.webp 240w, https:\/\/www.grancafe.com.br\/wp-content\/uploads\/2023\/05\/Novo-layout-GBPA-2_GBPA-PT-1-360x287.webp 360w, https:\/\/www.grancafe.com.br\/wp-content\/uploads\/2023\/05\/Novo-layout-GBPA-2_GBPA-PT-1-480x382.webp 480w, https:\/\/www.grancafe.com.br\/wp-content\/uploads\/2023\/05\/Novo-layout-GBPA-2_GBPA-PT-1-820x653.webp 820w, https:\/\/www.grancafe.com.br\/wp-content\/uploads\/2023\/05\/Novo-layout-GBPA-2_GBPA-PT-1-1040x828.webp 1040w\" sizes=\"(max-width: 1500px) 100vw, 1500px\" \/><\/div>\n\t\t<\/figure>\n\t<\/div>\n<\/div><\/div><\/div><\/div><\/div><div class=\"nt_clearfix\"><\/div><div id=\"section-fale-conosco\" class=\"agro-section-wrapper section section--dark-bg vc_custom_1684202976148 vc_column-gap-30 nt_section_15417598 nt-has-responsive-data\" data-res-css=\"@media (max-width: 992px) {.nt_section_15417598{ padding-bottom: 84px !important; }} @media (max-width: 768px) {.nt_section_15417598{ padding-bottom: 54px !important; }}\"><div class=\"container container-stretch\"><div class=\"row\"><div class=\"section-heading--white nt-column col-sm-6\"><div class=\"nt-shortcode-wrapper \"><div class=\"section-heading section-heading--center item_69d9ea1351d57\" data-res-css=\"     \" data-aos=\"fade\"><h2 class=\"__title\">FALE CONOSCO <span><\/span><\/h2><\/div>\n<div class=\"wpcf7 no-js\" id=\"wpcf7-f12-o1\" lang=\"en-US\" dir=\"ltr\">\n<div class=\"screen-reader-response\"><p role=\"status\" aria-live=\"polite\" aria-atomic=\"true\"><\/p> <ul><\/ul><\/div>\n<form action=\"\/index.php?rest_route=%2Fwp%2Fv2%2Fpages%2F940#wpcf7-f12-o1\" method=\"post\" class=\"wpcf7-form init\" aria-label=\"Contact form\" novalidate=\"novalidate\" data-status=\"init\">\n<div style=\"display: none;\">\n<input type=\"hidden\" name=\"_wpcf7\" value=\"12\" \/>\n<input type=\"hidden\" name=\"_wpcf7_version\" value=\"5.7.7\" \/>\n<input type=\"hidden\" name=\"_wpcf7_locale\" value=\"en_US\" \/>\n<input type=\"hidden\" name=\"_wpcf7_unit_tag\" value=\"wpcf7-f12-o1\" \/>\n<input type=\"hidden\" name=\"_wpcf7_container_post\" value=\"0\" \/>\n<input type=\"hidden\" name=\"_wpcf7_posted_data_hash\" value=\"\" \/>\n<\/div>\n<div class=\"contact-form js-contact-form\" data-aos=\"fade\">\n\t<div class=\"row\">\n\t\t<div class=\"col-12 col-md-6\">\n\t\t\t<div class=\"input-wrp\">\n\t\t\t\t<p><span class=\"wpcf7-form-control-wrap\" data-name=\"text-787\"><input size=\"40\" class=\"wpcf7-form-control wpcf7-text wpcf7-validates-as-required textfield\" aria-required=\"true\" aria-invalid=\"false\" placeholder=\"Nome\" value=\"\" type=\"text\" name=\"text-787\" \/><\/span>\n\t\t\t\t<\/p>\n\t\t\t<\/div>\n\t\t<\/div>\n\t\t<div class=\"col-12 col-md-6\">\n\t\t\t<div class=\"input-wrp\">\n\t\t\t\t<p><span class=\"wpcf7-form-control-wrap\" data-name=\"text-787\"><input size=\"40\" class=\"wpcf7-form-control wpcf7-text wpcf7-validates-as-required textfield\" aria-required=\"true\" aria-invalid=\"false\" placeholder=\"E-mail\" value=\"\" type=\"text\" name=\"text-787\" \/><\/span>\n\t\t\t\t<\/p>\n\t\t\t<\/div>\n\t\t<\/div>\n\t<\/div>\n\t<div class=\"input-wrp\">\n\t\t<p><span class=\"wpcf7-form-control-wrap\" data-name=\"textarea-212\"><textarea cols=\"10\" rows=\"2\" class=\"wpcf7-form-control wpcf7-textarea wpcf7-validates-as-required textfield\" aria-required=\"true\" aria-invalid=\"false\" placeholder=\"Comentarios\" name=\"textarea-212\"><\/textarea><\/span>\n\t\t<\/p>\n\t<\/div>\n\t<p><input class=\"wpcf7-form-control has-spinner wpcf7-submit custom-btn custom-btn--medium custom-btn--style-3 wide send-form-btn\" type=\"submit\" value=\"Enviar\" \/>\n\t<\/p>\n<\/div><div class=\"wpcf7-response-output\" aria-hidden=\"true\"><\/div>\n<\/form>\n<\/div>\n<\/div><\/div><div class=\"nt-column col-sm-6\"><div class=\"nt-shortcode-wrapper vc_custom_1675432160481\">\n\t<div class=\"wpb_text_column wpb_content_element \" >\n\t\t<div class=\"wpb_wrapper\">\n\t\t\t<div class=\"leaflet-map WPLeafletMap\" style=\"height:480px; width:100%;\"><\/div><script>\nwindow.WPLeafletMapPlugin = window.WPLeafletMapPlugin || [];\nwindow.WPLeafletMapPlugin.push(function WPLeafletMapShortcode() {\/*<script>*\/\nvar baseUrl = atob('aHR0cHM6Ly97c30udGlsZS5vcGVuc3RyZWV0bWFwLm9yZy97en0ve3h9L3t5fS5wbmc=');\nvar base = (!baseUrl && window.MQ) ? \n    window.MQ.mapLayer() : L.tileLayer(baseUrl, \n        L.Util.extend({}, {\n            detectRetina: 0,\n        }, \n        {\"subdomains\":\"abc\",\"noWrap\":false}        )\n    );\n    var options = L.Util.extend({}, {\n        layers: [base],\n        attributionControl: false\n    }, \n    {\"zoomControl\":false,\"scrollWheelZoom\":true,\"doubleClickZoom\":false,\"fitBounds\":false,\"minZoom\":0,\"maxZoom\":19,\"maxBounds\":null,\"attribution\":\"\"}, \n    {});\nwindow.WPLeafletMapPlugin.createMap(options).setView([-19.337547732658,-40.067117214203],8);});<\/script><br \/>\n<script>\nwindow.WPLeafletMapPlugin = window.WPLeafletMapPlugin || [];\nwindow.WPLeafletMapPlugin.push(function WPLeafletMarkerShortcode() {\/*<script>*\/\nvar map = window.WPLeafletMapPlugin.getCurrentMap();\nvar group = window.WPLeafletMapPlugin.getCurrentGroup();\nvar marker_options = window.WPLeafletMapPlugin.getIconOptions({});\nvar marker = L.marker(\n    [-19.337547732658,-40.067117214203], \n    marker_options\n);\nvar is_image = map.is_image_map;\nif (marker_options.draggable) {\n    marker.on('dragend', function () {\n        var latlng = this.getLatLng();\n        var lat = latlng.lat;\n        var lng = latlng.lng;\n        if (is_image) {\n            console.log('leaflet-marker y=' + lat + ' x=' + lng);\n        } else {\n            console.log('leaflet-marker lat=' + lat + ' lng=' + lng);\n        }\n    });\n}\nmarker.addTo( group );\nwindow.WPLeafletMapPlugin.markers.push( marker );\n        });<\/script><\/p>\n\n\t\t<\/div>\n\t<\/div>\n<\/div><\/div><\/div><\/div><\/div><div class=\"nt_clearfix\"><\/div><div class=\"container-fluid\"><div class=\"agro-section-wrapper row-centered-items vc_custom_1675189345147 vc_row-o-equal-height content-middle content-flex vc_column-gap-35\"><div class=\"row\"><div class=\"nt-column col-sm-12\"><div class=\"nt-shortcode-wrapper \"><div class=\"section-heading section-heading--center item_69d9ea135f8f4 vc_custom_1684763523093\" data-res-css=\"   .section-heading.item_69d9ea135f8f4 .__title {color: #5a1919; }  \"><h2 class=\"__title\">CERTIFICA\u00c7\u00d5ES <span><\/span><\/h2><\/div><\/div><\/div><\/div><\/div><\/div><div class=\"nt_clearfix\"><\/div><div class=\"agro-section-wrapper\"><div class=\"container container-stretch\"><div class=\"row\"><div class=\"nt-column col-sm-3\"><div class=\"nt-shortcode-wrapper \">\n\t<div  class=\"wpb_single_image wpb_content_element vc_align_left\">\n\t\t\n\t\t<figure class=\"wpb_wrapper vc_figure\">\n\t\t\t<div class=\"vc_single_image-wrapper   vc_box_border_grey\"><img class=\"vc_single_image-img \" src=\"https:\/\/www.grancafe.com.br\/wp-content\/uploads\/2023\/01\/utz-1-210x140.jpg\" width=\"210\" height=\"140\" alt=\"\" title=\"\" \/><\/div>\n\t\t<\/figure>\n\t<\/div>\n<\/div><\/div><div class=\"nt-column col-sm-3\"><div class=\"nt-shortcode-wrapper \">\n\t<div  class=\"wpb_single_image wpb_content_element vc_align_left\">\n\t\t\n\t\t<figure class=\"wpb_wrapper vc_figure\">\n\t\t\t<div class=\"vc_single_image-wrapper   vc_box_border_grey\"><img class=\"vc_single_image-img \" src=\"https:\/\/www.grancafe.com.br\/wp-content\/uploads\/2023\/08\/rainforest-210x140.jpg\" width=\"210\" height=\"140\" alt=\"\" title=\"\" \/><\/div>\n\t\t<\/figure>\n\t<\/div>\n<\/div><\/div><div class=\"nt-column col-sm-3\"><div class=\"nt-shortcode-wrapper \">\n\t<div  class=\"wpb_single_image wpb_content_element vc_align_left\">\n\t\t\n\t\t<figure class=\"wpb_wrapper vc_figure\">\n\t\t\t<div class=\"vc_single_image-wrapper   vc_box_border_grey\"><img class=\"vc_single_image-img \" src=\"https:\/\/www.grancafe.com.br\/wp-content\/uploads\/2023\/01\/grown-1-210x140.jpg\" width=\"210\" height=\"140\" alt=\"\" title=\"\" \/><\/div>\n\t\t<\/figure>\n\t<\/div>\n<\/div><\/div><div class=\"nt-column col-sm-3\"><div class=\"nt-shortcode-wrapper \">\n\t<div  class=\"wpb_single_image wpb_content_element vc_align_left\">\n\t\t\n\t\t<figure class=\"wpb_wrapper vc_figure\">\n\t\t\t<div class=\"vc_single_image-wrapper   vc_box_border_grey\"><img class=\"vc_single_image-img \" src=\"https:\/\/www.grancafe.com.br\/wp-content\/uploads\/2023\/01\/gbpa-1-210x140.jpg\" width=\"210\" height=\"140\" alt=\"\" title=\"\" \/><\/div>\n\t\t<\/figure>\n\t<\/div>\n<\/div><\/div><\/div><\/div><\/div><div class=\"nt_clearfix\"><\/div><div class=\"agro-section-wrapper vc_custom_1692987080994\"><div class=\"container container-stretch\"><div class=\"row\"><div class=\"nt-column col-sm-1\/5\"><div class=\"nt-shortcode-wrapper \"><\/div><\/div><div class=\"nt-column col-sm-1\/5\"><div class=\"nt-shortcode-wrapper \">\n\t<div  class=\"wpb_single_image wpb_content_element vc_align_left\">\n\t\t\n\t\t<figure class=\"wpb_wrapper vc_figure\">\n\t\t\t<div class=\"vc_single_image-wrapper   vc_box_border_grey\"><img class=\"vc_single_image-img \" src=\"https:\/\/www.grancafe.com.br\/wp-content\/uploads\/2023\/01\/cdial-1-210x140.jpg\" width=\"210\" height=\"140\" alt=\"\" title=\"\" \/><\/div>\n\t\t<\/figure>\n\t<\/div>\n<\/div><\/div><div class=\"nt-column col-sm-1\/5\"><div class=\"nt-shortcode-wrapper \">\n\t<div  class=\"wpb_single_image wpb_content_element vc_align_left\">\n\t\t\n\t\t<figure class=\"wpb_wrapper vc_figure\">\n\t\t\t<div class=\"vc_single_image-wrapper   vc_box_border_grey\"><img class=\"vc_single_image-img \" src=\"https:\/\/www.grancafe.com.br\/wp-content\/uploads\/2023\/01\/kosher-1-210x140.jpg\" width=\"210\" height=\"140\" alt=\"\" title=\"\" \/><\/div>\n\t\t<\/figure>\n\t<\/div>\n<\/div><\/div><div class=\"nt-column col-sm-1\/5\"><div class=\"nt-shortcode-wrapper \">\n\t<div  class=\"wpb_single_image wpb_content_element vc_align_left\">\n\t\t\n\t\t<figure class=\"wpb_wrapper vc_figure\">\n\t\t\t<div class=\"vc_single_image-wrapper   vc_box_border_grey\"><img class=\"vc_single_image-img \" src=\"https:\/\/www.grancafe.com.br\/wp-content\/uploads\/2023\/01\/40-1-210x140.jpg\" width=\"210\" height=\"140\" alt=\"\" title=\"\" \/><\/div>\n\t\t<\/figure>\n\t<\/div>\n<\/div><\/div><div class=\"nt-column col-sm-1\/5\"><div class=\"nt-shortcode-wrapper \"><\/div><\/div><\/div><\/div><\/div><div class=\"nt_clearfix\"><\/div>\n<\/div>\n<\/div>\n<\/div>\n<\/div>\n<\/div>\n<\/div>\n<\/div>\n<\/div>\n","protected":false},"excerpt":{"rendered":"PrevNextCONHE\u00c7A AGRANCAF\u00c9 PRODUTOS CAF\u00c9PIMENTACACAUCRAVO Saiba Mais! 40 anosExperi\u00eancia de mercado 5Filiais 40Pa\u00edses atendidos PRODUTO SEGURO E CONFI\u00c1VEL FALE CONOSCO CERTIFICA\u00c7\u00d5ES","protected":false},"author":1,"featured_media":0,"parent":0,"menu_order":0,"comment_status":"closed","ping_status":"open","template":"custom-page.php","meta":[],"_links":{"self":[{"href":"https:\/\/www.grancafe.com.br\/index.php?rest_route=\/wp\/v2\/pages\/940"}],"collection":[{"href":"https:\/\/www.grancafe.com.br\/index.php?rest_route=\/wp\/v2\/pages"}],"about":[{"href":"https:\/\/www.grancafe.com.br\/index.php?rest_route=\/wp\/v2\/types\/page"}],"author":[{"embeddable":true,"href":"https:\/\/www.grancafe.com.br\/index.php?rest_route=\/wp\/v2\/users\/1"}],"replies":[{"embeddable":true,"href":"https:\/\/www.grancafe.com.br\/index.php?rest_route=%2Fwp%2Fv2%2Fcomments&post=940"}],"version-history":[{"count":262,"href":"https:\/\/www.grancafe.com.br\/index.php?rest_route=\/wp\/v2\/pages\/940\/revisions"}],"predecessor-version":[{"id":1913,"href":"https:\/\/www.grancafe.com.br\/index.php?rest_route=\/wp\/v2\/pages\/940\/revisions\/1913"}],"wp:attachment":[{"href":"https:\/\/www.grancafe.com.br\/index.php?rest_route=%2Fwp%2Fv2%2Fmedia&parent=940"}],"curies":[{"name":"wp","href":"https:\/\/api.w.org\/{rel}","templated":true}]}}